5?
5, 17, 67
List the prime factors of 63910.
2, 5, 7, 11, 83
What are the prime factors of 1754?
2, 877
What are the prime factors of 13460?
2, 5, 673
List the prime factors of 97435.
5, 13, 1499
List the prime factors of 1427.
1427
List the prime factors of 75484.
2, 113, 167
What are the prime factors of 3908?
2, 977
List the prime factors of 47861.
11, 19, 229
List the prime factors of 18362.
2, 9181
List the prime factors of 497.
7, 71
List the prime factors of 3485.
5, 17, 41
What are the prime factors of 144947?
11, 13177
List the prime factors of 77604.
2, 3, 29, 223
List the prime factors of 66558.
2, 3, 11093
What are the prime factors of 1911?
3, 7, 13
List the prime factors of 12732.
2, 3, 1061
List the prime factors of 33108.
2, 3, 31, 89
List the prime factors of 12043.
12043
List the prime factors of 26934.
2, 3, 67
List the prime factors of 37122.
2, 3, 23, 269
List the prime factors of 2419.
41, 59
List the prime factors of 4696.
2, 587
What are the prime factors of 113179?
11, 10289
What are the prime factors of 1130?
2, 5, 113
What are the prime factors of 2389?
2389
List the prime factors of 101396.
2, 25349
What are the prime factors of 78?
2, 3, 13
What are the prime factors of 1678?
2, 839
List the prime factors of 5467.
7, 11, 71
List the prime factors of 1148.
2, 7, 41
What are the prime factors of 29424?
2, 3, 613
List the prime factors of 297.
3, 11
List the prime factors of 5268.
2, 3, 439
What are the prime factors of 4374?
2, 3
What are the prime factors of 130131?
3, 19, 761
What are the prime factors of 2395?
5, 479
What are the prime factors of 829?
829
List the prime factors of 997.
997
List the prime factors of 2534.
2, 7, 181
List the prime factors of 394.
2, 197
What are the prime factors of 60920?
2, 5, 1523
What are the prime factors of 16106?
2, 8053
What are the prime factors of 1213?
1213
List the prime factors of 3304.
2, 7, 59
What are the prime factors of 33353?
33353
What are the prime factors of 121?
11
List the prime factors of 17347.
11, 19, 83
What are the prime factors of 3237?
3, 13, 83
List the prime factors of 92572.
2, 23143
List the prime factors of 25348.
2, 6337
What are the prime factors of 1194?
2, 3, 199
List the prime factors of 1382.
2, 691
List the prime factors of 961.
31
What are the prime factors of 16201?
17, 953
List the prime factors of 44919.
3, 7, 23, 31
What are the prime factors of 746?
2, 373
List the prime factors of 652.
2, 163
List the prime factors of 6432.
2, 3, 67
What are the prime factors of 86000?
2, 5, 43
What are the prime factors of 13533?
3, 13, 347
List the prime factors of 66640.
2, 5, 7, 17
What are the prime factors of 21269?
21269
List the prime factors of 258.
2, 3, 43
What are the prime factors of 14702?
2, 7351
List the prime factors of 8344.
2, 7, 149
What are the prime factors of 8116?
2, 2029
What are the prime factors of 54674?
2, 27337
What are the prime factors of 10712?
2, 13, 103
What are the prime factors of 5168?
2, 17, 19
List the prime factors of 3472.
2, 7, 31
List the prime factors of 32322.
2, 3, 5387
What are the prime factors of 14842?
2, 41, 181
List the prime factors of 469.
7, 67
List the prime factors of 9599.
29, 331
What are the prime factors of 1877?
1877
List the prime factors of 3437.
7, 491
What are the prime factors of 199?
199
What are the prime factors of 12349?
53, 233
What are the prime factors of 1137?
3, 379
List the prime factors of 359.
359
List the prime factors of 9269.
13, 23, 31
List the prime factors of 418.
2, 11, 19
List the prime factors of 26302.
2, 13151
List the prime factors of 15587.
11, 13, 109
What are the prime factors of 6854?
2, 23, 149
What are the prime factors of 71?
71
What are the prime factors of 30605?
5, 6121
What are the prime factors of 5344?
2, 167
What are the prime factors of 44113?
31, 1423
List the prime factors of 76480.
2, 5, 239
List the prime factors of 30429.
3, 7, 23
What are the prime factors of 2980?
2, 5, 149
List the prime factors of 25771.
25771
List the prime factors of 18255.
3, 5, 1217
What are the prime factors of 14250?
2, 3, 5, 19
List the prime factors of 707.
7, 101
List the prime factors of 8.
2
What are the prime factors of 53246?
2, 79, 337
What are the prime factors of 3151?
23, 137
List the prime factors of 41021.
17, 19, 127
List the prime factors of 415.
5, 83
List the prime factors of 36371.
37, 983
What are the prime factors of 15063?
3, 5021
What are the prime factors of 12567?
3, 59, 71
List the prime factors of 3232.
2, 101
What are the prime factors of 1623?
3, 541
List the prime factors of 98882.
2, 7, 1009
What are the prime factors of 2141?
2141
What are the prime factors of 12973?
12973
What are the prime factors of 13056?
2, 3, 17
List the prime factors of 39084.
2, 3, 3257
List the prime factors of 1680.
2, 3, 5, 7
List the prime factors of 2745.
3, 5, 61
What are the prime factors of 168?
2, 3, 7
List the prime factors of 13018.
2, 23, 283
List the prime factors of 8949.
3, 19, 157
What are the prime factors of 1076?
2, 269
What are the prime factors of 6794?
2, 43, 79
What are the prime factors of 1773?
3, 197
List the prime factors of 18394.
2, 17, 541
List the prime factors of 30588.
2, 3, 2549
List the prime factors of 298.
2, 149
What are the prime factors of 35994?
2, 3, 7, 857
List the prime factors of 3155.
5, 631
What are the prime factors of 320?
2, 5
List the prime factors of 5779.
5779
List the prime factors of 93861.
3, 10429
List the prime factors of 23520.
2, 3, 5, 7
What are the prime factors of 1939?
7, 277
What are the prime factors of 852?
2, 3, 71
What are the prime factors of 9372?
2, 3, 11, 71
What are the prime factors of 8764?
2, 7, 313
List the prime factors of 40272.
2, 3, 839
What are the prime factors of 17481?
3, 5827
What are the prime factors of 53502?
2, 3, 37, 241
List the prime factors of 38878.
2, 7, 2777
What are the prime factors of 5501?
5501
List the prime factors of 54257.
7, 23, 337
List the prime factors of 63.
3, 7
List the prime factors of 22898.
2, 107
What are the prime factors of 4392?
2, 3, 61
What are the prime factors of 1515?
3, 5, 101
What are the prime factors of 52120?
2, 5, 1303
List the prime factors of 32556.
2, 3, 2713
What are the prime factors of 371?
7, 53
List the prime factors of 59728.
2, 3733
What are the prime factors of 4577?
23, 199
List the prime factors of 41914.
2, 19, 1103
List the prime factors of 11672.
2, 1459
List the prime factors of 840.
2, 3, 5, 7
What are the prime factors of 189?
3, 7
What are the prime factors of 1248?
2, 3, 13
What are the prime factors of 2031?
3, 677
List the prime factors of 12315.
3, 5, 821
List the prime factors of 6748.
2, 7, 241
What are the prime factors of 101161?
101161
List the prime factors of 66439.
29, 79
What are the prime factors of 32928?
2, 3, 7
List the prime factors of 1092.
2, 3, 7, 13
List the prime factors of 1858.
2, 929
List the prime factors of 47919.
3, 15973
What are the prime factors of 7639?
7639
What are the prime factors of 1115?
5, 223
List the prime factors of 36800.
2, 5, 23
List the prime factors of 26964.
2, 3, 7, 107
What are the prime factors of 12380?
2, 5, 619
What are the prime factors of 17877?
3, 59, 101
List the prime factors of 35152.
2, 13
List the prime factors of 5245.
5, 1049
What are the prime factors of 83536?
2, 23, 227
List the prime factors of 8823.
3, 17, 173
What are the prime factors of 4713?
3, 1571
List the prime factors of 13735.
5, 41, 67
What are the prime factors of 467?
467
List the prime factors of 18139.
11, 17, 97
What are the prime factors of 5896?
2, 11, 67
List the prime factors of 24204.
2, 3, 2017
List the prime factors of 9551.
9551
List the prime factors of 1240.
2, 5, 31
What are the prime factors of 11651?
61, 191
List the prime factors of 2470.
2, 5, 13, 19
List the prime factors of 340.
2, 5, 17
What are the prime factors of 10716?
2, 3, 19, 47
List the prime factors of 1769.
29, 61
What are the prime factors of 456?
2, 3, 19
List the prime factors of 774.
2, 3, 43
List the prime factors of 1027.
13, 79
List the prime factors of 734.
2, 367
What are the prime factors of 92752?
2, 11, 17, 31
List the prime factors of 1305.
3, 5, 29
What are the prime factors of 13